{"id":2638,"date":"2020-07-13T16:24:09","date_gmt":"2020-07-13T14:24:09","guid":{"rendered":"http:\/\/goetzens-auf-reisen.com\/?page_id=2638"},"modified":"2024-07-04T09:15:33","modified_gmt":"2024-07-04T07:15:33","slug":"suedafrika-3","status":"publish","type":"page","link":"https:\/\/goetzens-auf-reisen.com\/?page_id=2638","title":{"rendered":"S\u00fcdafrika"},"content":{"rendered":"\n<figure class=\"wp-block-video\"><video height=\"1080\" style=\"aspect-ratio: 1920 \/ 1080;\" width=\"1920\" autoplay controls loop muted src=\"http:\/\/goetzens-auf-reisen.com\/wp-content\/uploads\/2019\/08\/webblogZA2019.mp4\"><\/video><\/figure>\n\n\n\n<p>Das vielseitige S\u00fcdafrika mit seinen unz\u00e4hligen Nationalparks, endlosen Str\u00e4nden, facettenreichen Landschaften, mit seiner grandiosen Flora und Fauna, mit seinen vorz\u00fcglichen Weinen und mit hervorragenden Restaurants hat uns schon auf unserer Reise 2015 verzaubert. Vermutlich ist S\u00fcdafrika das perfekte Einsteigerland, um den afrikanischen Kontinent kennenzulernen. Wir haben uns in <a href=\"https:\/\/goetzens-auf-reisen.com\/?page_id=4962\" data-type=\"page\" data-id=\"4962\">ZA<\/a> mit dem &#8222;Afrika-Virus&#8220; infiziert und sind 2019 wieder in dieses herrliche Land gekommen.<\/p>\n\n\n\n<p>Nachdem 2020 und 2021 Namibia &#8222;dran war&#8220;, zog es uns 2022 erneut nach S\u00fcdafrika. Diesmal in den uns damals noch unbekannten Nordosten. \u00dcber die  Panoramaroute ging es zum dem Kuger NP (8 Tage), dann reisten wir weiter in den iSigimalisi NP,  den Hluhluwe NP, den Royal-Natal NP und den Golden-Gate-Highlands NP und zum Abschluss beuschten wir Johannesburg.<\/p>\n\n\n\n<p>Und auch 2023 statteten wir S\u00fcdafrika einen Besuch ab. Abseits der &#8222;ausgetretenen Pfade&#8220; lernten wir weniger bekannte Regionen wie das Namaqualand kennen. Aber es zog uns auch wieder in den <a href=\"https:\/\/goetzens-auf-reisen.com\/?page_id=4962\" data-type=\"page\" data-id=\"4962\">KTP<\/a> und in die Zederberge, die wir beide bereits 2019 besucht hatten. Die Reise 2023 wurde anschlie\u00dfend in Namibia fortgesetzt.<\/p>\n\n\n\n<div style=\"height:25px\" aria-hidden=\"true\" class=\"wp-block-spacer\"><\/div>\n\n\n\n<p class=\"has-text-align-center has-very-dark-gray-color has-very-light-gray-background-color has-text-color has-background\"><a href=\"https:\/\/goetzens-auf-reisen.com\/?page_id=14\" data-type=\"page\" data-id=\"14\"> unsere Reise 2015 <\/a><br><a href=\"https:\/\/goetzens-auf-reisen.com\/?page_id=2632\"> unsere Reise 2019<\/a> <br><a href=\"https:\/\/goetzens-auf-reisen.com\/?page_id=7024\" data-type=\"page\" data-id=\"7024\">unsere Reise 2022<\/a><br><a href=\"https:\/\/goetzens-auf-reisen.com\/?page_id=8643\" data-type=\"page\" data-id=\"8643\">unsere Reise 2023<\/a><\/p>\n\n\n\n<div style=\"height:25px\" aria-hidden=\"true\" class=\"wp-block-spacer\"><\/div>\n\n\n\n<figure class=\"wp-block-gallery has-nested-images columns-default is-cropped wp-block-gallery-2 is-layout-flex wp-block-gallery-is-layout-flex\">\n<figure class=\"wp-block-image size-full is-style-default\"><a href=\"https:\/\/goetzens-auf-reisen.com\/wp-content\/uploads\/2023\/12\/map-2015_2019_2022_2023.png\"><img loading=\"lazy\" decoding=\"async\" width=\"768\" height=\"667\" data-id=\"10822\" src=\"https:\/\/goetzens-auf-reisen.com\/wp-content\/uploads\/2023\/12\/map-2015_2019_2022_2023.png\" alt=\"\" class=\"wp-image-10822\" srcset=\"https:\/\/goetzens-auf-reisen.com\/wp-content\/uploads\/2023\/12\/map-2015_2019_2022_2023.png 768w, https:\/\/goetzens-auf-reisen.com\/wp-content\/uploads\/2023\/12\/map-2015_2019_2022_2023-300x261.png 300w, https:\/\/goetzens-auf-reisen.com\/wp-content\/uploads\/2023\/12\/map-2015_2019_2022_2023-600x521.png 600w\" sizes=\"auto, (max-width: 767px) 89vw, (max-width: 1000px) 54vw, (max-width: 1071px) 543px, 580px\" \/><\/a><figcaption class=\"wp-element-caption\">rot = 2015, orange = 2019, blau = 2022, violett= 2023 <\/figcaption><\/figure>\n<\/figure>\n\n\n\n<figure class=\"wp-block-gallery has-nested-images columns-0 is-cropped wp-block-gallery-3 is-layout-flex wp-block-gallery-is-layout-flex\">\n<figure class=\"wp-block-image size-large is-style-default\"><a href=\"https:\/\/goetzens-auf-reisen.com\/wp-content\/uploads\/2020\/06\/IMG_3446.jpg\"><img loading=\"lazy\" decoding=\"async\" width=\"1024\" height=\"682\" data-id=\"2070\" src=\"http:\/\/goetzens-auf-reisen.com\/wp-content\/uploads\/2020\/06\/IMG_3446-1024x682.jpg\" alt=\"\" class=\"wp-image-2070\" srcset=\"https:\/\/goetzens-auf-reisen.com\/wp-content\/uploads\/2020\/06\/IMG_3446-1024x682.jpg 1024w, https:\/\/goetzens-auf-reisen.com\/wp-content\/uploads\/2020\/06\/IMG_3446-300x200.jpg 300w, https:\/\/goetzens-auf-reisen.com\/wp-content\/uploads\/2020\/06\/IMG_3446-768x512.jpg 768w, https:\/\/goetzens-auf-reisen.com\/wp-content\/uploads\/2020\/06\/IMG_3446-1536x1024.jpg 1536w, https:\/\/goetzens-auf-reisen.com\/wp-content\/uploads\/2020\/06\/IMG_3446-2048x1365.jpg 2048w\" sizes=\"auto, (max-width: 767px) 89vw, (max-width: 1000px) 54vw, (max-width: 1071px) 543px, 580px\" \/><\/a><figcaption class=\"wp-element-caption\">Flora<\/figcaption><\/figure>\n\n\n\n<figure class=\"wp-block-image size-large is-style-default\"><a href=\"https:\/\/goetzens-auf-reisen.com\/wp-content\/uploads\/2020\/06\/IMG_1366.jpg\"><img loading=\"lazy\" decoding=\"async\" width=\"1024\" height=\"682\" data-id=\"1931\" src=\"http:\/\/goetzens-auf-reisen.com\/wp-content\/uploads\/2020\/06\/IMG_1366-1024x682.jpg\" alt=\"\" class=\"wp-image-1931\" srcset=\"https:\/\/goetzens-auf-reisen.com\/wp-content\/uploads\/2020\/06\/IMG_1366-1024x682.jpg 1024w, https:\/\/goetzens-auf-reisen.com\/wp-content\/uploads\/2020\/06\/IMG_1366-300x200.jpg 300w, https:\/\/goetzens-auf-reisen.com\/wp-content\/uploads\/2020\/06\/IMG_1366-768x512.jpg 768w, https:\/\/goetzens-auf-reisen.com\/wp-content\/uploads\/2020\/06\/IMG_1366-1536x1024.jpg 1536w, https:\/\/goetzens-auf-reisen.com\/wp-content\/uploads\/2020\/06\/IMG_1366-2048x1365.jpg 2048w\" sizes=\"auto, (max-width: 767px) 89vw, (max-width: 1000px) 54vw, (max-width: 1071px) 543px, 580px\" \/><\/a><figcaption class=\"wp-element-caption\">Fauna<\/figcaption><\/figure>\n\n\n\n<figure class=\"wp-block-image size-large is-style-default\"><a href=\"https:\/\/goetzens-auf-reisen.com\/wp-content\/uploads\/2020\/06\/IMG_3257-2.jpg\"><img loading=\"lazy\" decoding=\"async\" width=\"1024\" height=\"682\" data-id=\"2060\" src=\"http:\/\/goetzens-auf-reisen.com\/wp-content\/uploads\/2020\/06\/IMG_3257-2-1024x682.jpg\" alt=\"\" class=\"wp-image-2060\" srcset=\"https:\/\/goetzens-auf-reisen.com\/wp-content\/uploads\/2020\/06\/IMG_3257-2-1024x682.jpg 1024w, https:\/\/goetzens-auf-reisen.com\/wp-content\/uploads\/2020\/06\/IMG_3257-2-300x200.jpg 300w, https:\/\/goetzens-auf-reisen.com\/wp-content\/uploads\/2020\/06\/IMG_3257-2-768x512.jpg 768w, https:\/\/goetzens-auf-reisen.com\/wp-content\/uploads\/2020\/06\/IMG_3257-2-1536x1024.jpg 1536w, https:\/\/goetzens-auf-reisen.com\/wp-content\/uploads\/2020\/06\/IMG_3257-2-2048x1365.jpg 2048w\" sizes=\"auto, (max-width: 767px) 89vw, (max-width: 1000px) 54vw, (max-width: 1071px) 543px, 580px\" \/><\/a><figcaption class=\"wp-element-caption\">Weing\u00fcter<\/figcaption><\/figure>\n\n\n\n<figure class=\"wp-block-image size-large is-style-default\"><a href=\"https:\/\/goetzens-auf-reisen.com\/wp-content\/uploads\/2020\/03\/IMG_1266.jpg\"><img loading=\"lazy\" decoding=\"async\" width=\"1024\" height=\"682\" data-id=\"1713\" src=\"http:\/\/goetzens-auf-reisen.com\/wp-content\/uploads\/2020\/03\/IMG_1266-1024x682.jpg\" alt=\"\" class=\"wp-image-1713\" srcset=\"https:\/\/goetzens-auf-reisen.com\/wp-content\/uploads\/2020\/03\/IMG_1266-1024x682.jpg 1024w, https:\/\/goetzens-auf-reisen.com\/wp-content\/uploads\/2020\/03\/IMG_1266-300x200.jpg 300w, https:\/\/goetzens-auf-reisen.com\/wp-content\/uploads\/2020\/03\/IMG_1266-768x512.jpg 768w, https:\/\/goetzens-auf-reisen.com\/wp-content\/uploads\/2020\/03\/IMG_1266-1536x1024.jpg 1536w, https:\/\/goetzens-auf-reisen.com\/wp-content\/uploads\/2020\/03\/IMG_1266-2048x1365.jpg 2048w\" sizes=\"auto, (max-width: 767px) 89vw, (max-width: 1000px) 54vw, (max-width: 1071px) 543px, 580px\" \/><\/a><\/figure>\n\n\n\n<figure class=\"wp-block-image size-large is-style-default\"><a href=\"https:\/\/goetzens-auf-reisen.com\/wp-content\/uploads\/2020\/06\/IMG_1034.jpg\"><img loading=\"lazy\" decoding=\"async\" width=\"1024\" height=\"682\" data-id=\"1922\" src=\"http:\/\/goetzens-auf-reisen.com\/wp-content\/uploads\/2020\/06\/IMG_1034-1024x682.jpg\" alt=\"\" class=\"wp-image-1922\" srcset=\"https:\/\/goetzens-auf-reisen.com\/wp-content\/uploads\/2020\/06\/IMG_1034-1024x682.jpg 1024w, https:\/\/goetzens-auf-reisen.com\/wp-content\/uploads\/2020\/06\/IMG_1034-300x200.jpg 300w, https:\/\/goetzens-auf-reisen.com\/wp-content\/uploads\/2020\/06\/IMG_1034-768x512.jpg 768w, https:\/\/goetzens-auf-reisen.com\/wp-content\/uploads\/2020\/06\/IMG_1034-1536x1024.jpg 1536w, https:\/\/goetzens-auf-reisen.com\/wp-content\/uploads\/2020\/06\/IMG_1034-2048x1365.jpg 2048w\" sizes=\"auto, (max-width: 767px) 89vw, (max-width: 1000px) 54vw, (max-width: 1071px) 543px, 580px\" \/><\/a><figcaption class=\"wp-element-caption\">Safari<\/figcaption><\/figure>\n\n\n\n<figure class=\"wp-block-image size-large is-style-default\"><a href=\"https:\/\/goetzens-auf-reisen.com\/wp-content\/uploads\/2020\/03\/IMG_0791.jpg\"><img loading=\"lazy\" decoding=\"async\" width=\"1024\" height=\"682\" data-id=\"1697\" src=\"http:\/\/goetzens-auf-reisen.com\/wp-content\/uploads\/2020\/03\/IMG_0791-1024x682.jpg\" alt=\"\" class=\"wp-image-1697\" srcset=\"https:\/\/goetzens-auf-reisen.com\/wp-content\/uploads\/2020\/03\/IMG_0791-1024x682.jpg 1024w, https:\/\/goetzens-auf-reisen.com\/wp-content\/uploads\/2020\/03\/IMG_0791-300x200.jpg 300w, https:\/\/goetzens-auf-reisen.com\/wp-content\/uploads\/2020\/03\/IMG_0791-768x512.jpg 768w, https:\/\/goetzens-auf-reisen.com\/wp-content\/uploads\/2020\/03\/IMG_0791-1536x1024.jpg 1536w, https:\/\/goetzens-auf-reisen.com\/wp-content\/uploads\/2020\/03\/IMG_0791-2048x1365.jpg 2048w\" sizes=\"auto, (max-width: 767px) 89vw, (max-width: 1000px) 54vw, (max-width: 1071px) 543px, 580px\" \/><\/a><figcaption class=\"wp-element-caption\">\u00fcberraschende Sichtungen<\/figcaption><\/figure>\n\n\n\n<figure class=\"wp-block-image size-large is-style-default\"><a href=\"https:\/\/goetzens-auf-reisen.com\/wp-content\/uploads\/2020\/06\/IMG_1989.jpg\"><img loading=\"lazy\" decoding=\"async\" width=\"1024\" height=\"682\" data-id=\"1945\" src=\"http:\/\/goetzens-auf-reisen.com\/wp-content\/uploads\/2020\/06\/IMG_1989-1024x682.jpg\" alt=\"\" class=\"wp-image-1945\" srcset=\"https:\/\/goetzens-auf-reisen.com\/wp-content\/uploads\/2020\/06\/IMG_1989-1024x682.jpg 1024w, https:\/\/goetzens-auf-reisen.com\/wp-content\/uploads\/2020\/06\/IMG_1989-300x200.jpg 300w, https:\/\/goetzens-auf-reisen.com\/wp-content\/uploads\/2020\/06\/IMG_1989-768x512.jpg 768w, https:\/\/goetzens-auf-reisen.com\/wp-content\/uploads\/2020\/06\/IMG_1989-1536x1024.jpg 1536w, https:\/\/goetzens-auf-reisen.com\/wp-content\/uploads\/2020\/06\/IMG_1989-2048x1365.jpg 2048w\" sizes=\"auto, (max-width: 767px) 89vw, (max-width: 1000px) 54vw, (max-width: 1071px) 543px, 580px\" \/><\/a><figcaption class=\"wp-element-caption\">Landschaft<\/figcaption><\/figure>\n\n\n\n<figure class=\"wp-block-image size-large is-style-default\"><a href=\"https:\/\/goetzens-auf-reisen.com\/wp-content\/uploads\/2020\/03\/IMG_1635.jpg\"><img loading=\"lazy\" decoding=\"async\" width=\"1024\" height=\"682\" data-id=\"1738\" src=\"http:\/\/goetzens-auf-reisen.com\/wp-content\/uploads\/2020\/03\/IMG_1635-1024x682.jpg\" alt=\"\" class=\"wp-image-1738\" srcset=\"https:\/\/goetzens-auf-reisen.com\/wp-content\/uploads\/2020\/03\/IMG_1635-1024x682.jpg 1024w, https:\/\/goetzens-auf-reisen.com\/wp-content\/uploads\/2020\/03\/IMG_1635-300x200.jpg 300w, https:\/\/goetzens-auf-reisen.com\/wp-content\/uploads\/2020\/03\/IMG_1635-768x512.jpg 768w, https:\/\/goetzens-auf-reisen.com\/wp-content\/uploads\/2020\/03\/IMG_1635-1536x1024.jpg 1536w, https:\/\/goetzens-auf-reisen.com\/wp-content\/uploads\/2020\/03\/IMG_1635-2048x1365.jpg 2048w\" sizes=\"auto, (max-width: 767px) 89vw, (max-width: 1000px) 54vw, (max-width: 1071px) 543px, 580px\" \/><\/a><figcaption class=\"wp-element-caption\">Gastronomie<\/figcaption><\/figure>\n\n\n\n<figure class=\"wp-block-image size-large is-style-default\"><a href=\"https:\/\/goetzens-auf-reisen.com\/wp-content\/uploads\/2020\/06\/IMG_1855.jpg\"><img loading=\"lazy\" decoding=\"async\" width=\"1024\" height=\"682\" data-id=\"1942\" src=\"http:\/\/goetzens-auf-reisen.com\/wp-content\/uploads\/2020\/06\/IMG_1855-1024x682.jpg\" alt=\"\" class=\"wp-image-1942\" srcset=\"https:\/\/goetzens-auf-reisen.com\/wp-content\/uploads\/2020\/06\/IMG_1855-1024x682.jpg 1024w, https:\/\/goetzens-auf-reisen.com\/wp-content\/uploads\/2020\/06\/IMG_1855-300x200.jpg 300w, https:\/\/goetzens-auf-reisen.com\/wp-content\/uploads\/2020\/06\/IMG_1855-768x512.jpg 768w, https:\/\/goetzens-auf-reisen.com\/wp-content\/uploads\/2020\/06\/IMG_1855-1536x1024.jpg 1536w, https:\/\/goetzens-auf-reisen.com\/wp-content\/uploads\/2020\/06\/IMG_1855-2048x1365.jpg 2048w\" sizes=\"auto, (max-width: 767px) 89vw, (max-width: 1000px) 54vw, (max-width: 1071px) 543px, 580px\" \/><\/a><figcaption class=\"wp-element-caption\">Tolle Unterk\u00fcnfte<\/figcaption><\/figure>\n<\/figure>\n","protected":false},"excerpt":{"rendered":"<p>Das vielseitige S\u00fcdafrika mit seinen unz\u00e4hligen Nationalparks, endlosen Str\u00e4nden, facettenreichen Landschaften, mit seiner grandiosen Flora und Fauna, mit seinen vorz\u00fcglichen Weinen und mit hervorragenden Restaurants hat uns schon auf unserer Reise 2015 verzaubert. Vermutlich ist S\u00fcdafrika das perfekte Einsteigerland, um den afrikanischen Kontinent kennenzulernen. Wir haben uns in ZA mit dem &#8222;Afrika-Virus&#8220; infiziert und sind &hellip; <\/p>\n<p class=\"link-more\"><a href=\"https:\/\/goetzens-auf-reisen.com\/?page_id=2638\" class=\"more-link\"><span class=\"screen-reader-text\">\u201eS\u00fcdafrika\u201c<\/span> weiterlesen<\/a><\/p>\n","protected":false},"author":1,"featured_media":0,"parent":0,"menu_order":0,"comment_status":"closed","ping_status":"closed","template":"","meta":{"footnotes":""},"class_list":["post-2638","page","type-page","status-publish","hentry"],"_links":{"self":[{"href":"https:\/\/goetzens-auf-reisen.com\/index.php?rest_route=\/wp\/v2\/pages\/2638","targetHints":{"allow":["GET"]}}],"collection":[{"href":"https:\/\/goetzens-auf-reisen.com\/index.php?rest_route=\/wp\/v2\/pages"}],"about":[{"href":"https:\/\/goetzens-auf-reisen.com\/index.php?rest_route=\/wp\/v2\/types\/page"}],"author":[{"embeddable":true,"href":"https:\/\/goetzens-auf-reisen.com\/index.php?rest_route=\/wp\/v2\/users\/1"}],"replies":[{"embeddable":true,"href":"https:\/\/goetzens-auf-reisen.com\/index.php?rest_route=%2Fwp%2Fv2%2Fcomments&post=2638"}],"version-history":[{"count":17,"href":"https:\/\/goetzens-auf-reisen.com\/index.php?rest_route=\/wp\/v2\/pages\/2638\/revisions"}],"predecessor-version":[{"id":12942,"href":"https:\/\/goetzens-auf-reisen.com\/index.php?rest_route=\/wp\/v2\/pages\/2638\/revisions\/12942"}],"wp:attachment":[{"href":"https:\/\/goetzens-auf-reisen.com\/index.php?rest_route=%2Fwp%2Fv2%2Fmedia&parent=2638"}],"curies":[{"name":"wp","href":"https:\/\/api.w.org\/{rel}","templated":true}]}}