{"id":4962,"date":"2021-08-17T15:29:06","date_gmt":"2021-08-17T13:29:06","guid":{"rendered":"https:\/\/goetzens-auf-reisen.com\/?page_id=4962"},"modified":"2025-06-17T14:52:12","modified_gmt":"2025-06-17T12:52:12","slug":"glossar-fuer-das-suedliche-afrika","status":"publish","type":"page","link":"https:\/\/goetzens-auf-reisen.com\/?page_id=4962","title":{"rendered":"Glossar f\u00fcr das s\u00fcdliche Afrika"},"content":{"rendered":"\n<p class=\"has-drop-cap\">Wir k\u00f6nnen nicht voraussetzen, dass sich alle Leser unseres Blogs mit den speziellen Ausdr\u00fccken auskennen, die man ben\u00f6tigt, wenn man \u00fcber das Reisen im s\u00fcdlichen Afrika berichtet. Daher findet ihr hier ein Glossar mit den wichtigsten verwendeten Begriffen und Abk\u00fcrzungen. In den Textbeitr\u00e4gen verlinken wir auf diese Seite.<\/p>\n\n\n<p><a href=\"javascript:history.back()\">Zur\u00fcck<\/a><\/p>\n\n\n<p><\/p>\n\n\n\n<p><strong>ablution block<\/strong> = <em>englisch<\/em>, Nasszelle, kann komplett ausger\u00fcstet sein mit Toiletten, Duschen und Sp\u00fcle oder nur Toilette sein. &#8222;<strong>private ablution<\/strong>&#8220; bedeutet auf Campingpl\u00e4tzen, dass jeder Stellplatz sein eigenes Waschh\u00e4uschen hat.<br><strong>ammo-box<\/strong> = <em>englisch<\/em>, Munitionskiste. Schwarze, solide, stapelbare Kunststoffbeh\u00e4lter mit Deckel<br><strong>alu cab<\/strong> = <em>engl<\/em>., Dachzelt (auf dem bushcamper) der Firma <a href=\"http:\/\/www.alu-cab.com\" target=\"_blank\" rel=\"noreferrer noopener\">Alu-Cab<\/a>.<br><strong>B&amp;B<\/strong> = <em>engl<\/em>., bed &amp; breakfast = \u00dcbernachtung und Fr\u00fchst\u00fcck<br><strong>bakkie<\/strong> = <em>afrikaans<\/em>, ist ein Pkw oder Gel\u00e4ndewagen mit ebener, offener Ladefl\u00e4che, ein pickup wie z.B. Toyota Hilux<br><strong>big five<\/strong> = <em>engl., <\/em>die 5 Tierarten, die f\u00fcr die fr\u00fcheren Gro\u00dfwildj\u00e4ger besonders gef\u00e4hrlich wurden: Elefant, Nashorn, L\u00f6we, Leopard und B\u00fcffel<br><strong>biltong<\/strong> = <em>afrikaans<\/em>, Trockenfleisch, oft vom Rind, gerne auch von Strau\u00df, Springbock oder Kudu<br><strong>bird hide <\/strong>= siehe <strong>hide<\/strong><br><strong>birder <\/strong>= <em>engl<\/em>., Der akzeptable Begriff, der verwendet wird, um die Person zu beschreiben, die ernsthaft dem Hobby der Vogelbeobachtung nachgeht. Kann Profi oder Amateur sein.<br><strong>bird-watcher<\/strong> hingegen ist ein eher zweideutiger Begriff, der verwendet wird, um die Person zu beschreiben, die aus irgendeinem Grund V\u00f6gel beobachtet, und sollte nicht verwendet werden, um sich auf den ernsthaften Vogelbeobachter zu beziehen. <br><strong>bobotie <\/strong>= <em>evtl. malaiisch<\/em> &#8222;boemboe&#8220;, ein Gericht aus dem s\u00fcdl. Afrika, das aus gew\u00fcrztem Hackfleisch besteht , das mit einem Belag auf Eibasis gebacken wird<br><strong>boerewors<\/strong>= <em>afrikaans<\/em>, Grill- bzw Bratwurst, fehlt bei fast keinem braai<br><strong>boma <\/strong>= <em>swahili<\/em>, Platz einer Gruppe von festen Geb\u00e4uden, z.B ein Dorf, aber auch Gehege f\u00fcr Tiere. Im Tourismus wird ein &#8222;Lagerfeuerplatz&#8220; oft als &#8222;boma&#8220; bezeichnet<br><strong>braai<\/strong> = <em>afrikaans<\/em>, Grillen. \u00dcblicherweise auf heruntergebranntem Holzfeuer. Neben dem eigentlichen Bratvorgang wird auch das gesellschaftliche Ereignis als Braai bezeichnet. Entspricht dem engl. Begriff BBQ.<br><strong>bushcamper <\/strong>= <em>engl<\/em>., Campingfahrzeug (meist 4&#215;4) f\u00fcr &#8222;Abenteurer&#8220;, die die Freiheit abseits der Stra\u00dfe suchen<br><strong>canopy<\/strong> =<em> engl. <\/em>, fester stabiler Aufbau f\u00fcr die Ladefl\u00e4che eines <strong>bakkies<\/strong><br><strong>chakalaka <\/strong>= <em>Bantusprache<\/em>, w\u00fcrzige Beilage bzw. W\u00fcrzso\u00dfe aus Bohnen, Paprika, Tomate, &#8230; <br><strong>community camp<\/strong> = <em>engl<\/em>., von der lokalen Bev\u00f6lkerung betriebener Campingplatz<br><strong>dam<\/strong> = <em>engl. <\/em>f\u00fcr Staudamm, Talsperre, aufgestauter Bach, oder auch nur ein offener Wasserbeh\u00e4lter auf einer Farm, die z.B. als Viehtr\u00e4nke dient<br><strong>dirt road<\/strong> = <em>engl<\/em>., unbefestigte Stra\u00dfe, die nicht asphaltiert ist und aus Sand und\/oder Schotter besteht. Auf Deutsch sagt man Schotterstra\u00dfe, Piste oder Naturstra\u00dfe dazu.<br><strong>droewors<\/strong>= <em>afrikaans<\/em>, Trockenwurst, entweder vom Rind oder Game<br><strong>donkey <\/strong>= <em>englisch<\/em>, Wasserheizer wird mit Holz eingeheizt<br><strong>escarpment<\/strong>= <em>englisch<\/em>, geologische Abbruchkante, steile Abf\u00e4lle am Rande von Bergketten\/Canyons<br><strong>farm stall <\/strong>= siehe <strong>pad stall<\/strong><br><strong>FRA <\/strong>= <em>Abk.<\/em>, Flughafen Frankfurt a.M.<br><strong>game drive<\/strong> = <em>englisch<\/em>, Wildbeobachtungsfahrt<br><strong>garage <\/strong>= <em>englisch<\/em>, Tankstelle<br><strong>gravel (road) <\/strong>= <em>englisch<\/em>, Schotterpiste<br><strong>gem squash<\/strong> = <em>englisch<\/em>, die in S\u00fcdafrika am weitesten verbreitete K\u00fcrbissorte<br><strong>GT<\/strong> = <em>Abk. engl.<\/em>, Gin Tonic, das unverzichtbare Getr\u00e4nk zum sundowner<br><strong>guest farm<\/strong> = <em>engl<\/em>., Ein Farmbetrieb, der zus\u00e4tzliche Unterbringungsm\u00f6glichkeiten anbietet. Aber nicht vergleichbar mit &#8222;Ferien auf dem Bauernhof&#8220;<br><strong>hakuna matata<\/strong> = <em>swahili<\/em>, = kein(e) Problem(e).<br><strong>hide<\/strong> = <em>englisch<\/em>, Versteck, getarnter Unterstand oder Plattform f\u00fcr V\u00f6gel- und Tierbeobachtungen<br><strong>hi-lift jack<\/strong> = <em>englisch<\/em>, Wagenheber mit sehr hoher Hubh\u00f6he. Vielseitig verwendbar.<br><strong>Hunters  Dry<\/strong> = <em>engl.<\/em>, fruchtig-leichte <em>Cider<\/em> (Cidre) aus S\u00fcdafrika<br><strong>indemnity form<\/strong> = <em>englisch<\/em>, Schadenfreispruchformular<br><strong>indoor braai<\/strong> = <em>engl.+afrikaans<\/em>, Feuerstelle im Haus, auf der gebraiit (gegrillt) werden kann<br><strong>JNB <\/strong>= <em>Abk.<\/em> f\u00fcr O. R. Tambo International Airport, Johannesburg<br><strong>kill<\/strong>= <em>englisch<\/em>, Riss, ein erlegtes Beutetier<br><strong>koppie <\/strong>= <em>afrikaans<\/em>, H\u00fcgel, manchmal auch kleiner Berg, gerne verwendet f\u00fcr Granitkuppen<br><strong>KNP <\/strong>= <em>Abk<\/em>. f\u00fcr Kruger Nationalpark<br><strong>KTP <\/strong>= <em>Abk<\/em>. f\u00fcr Kalahari Transfrontier National Park. Grenz\u00fcberschreitendes Naturschutzgebiet in der Kalahari<br><strong>lapa <\/strong>= <em>tswana,<\/em> offene oder halboffene Holzkonstruktion mit Reetdach, meist als Platz zum braaien oder auch als Restaurant, manchmal auch zur Wildbeobachtung.<br><strong>lekker <\/strong>= <em>afrikaans<\/em>, gut, sch\u00f6n, super, etc. Bei \u201egute Fahrt\u201c w\u00fcnscht man sich \u201elekker pad\u201c<br><strong>lifer <\/strong>= <em>engl.<\/em>, Eine Vogel, den man  zum ersten Mal in seinem Leben sieht und identifiziert .Der Begriff kommt von <strong>\u201elife bird\u201c<\/strong> oder <strong>\u201elife list bird\u201c<\/strong> \u2013 also einem Vogel, der neu zur pers\u00f6nlichen <strong>Lebensliste<\/strong> hinzugef\u00fcgt werden kann.<br><strong>load shedding <\/strong>= <em>engl<\/em>., geplanter Stromausfall. Stromabschaltung wegen Energiemangels.<br><strong>long-drop <\/strong>= <em>englisch<\/em>, Plumpsklo ohne Wasser<br><strong>loop<\/strong> = <em>englisch<\/em>, Schleife <br><strong>malva pudding<\/strong> = <em>engl.<\/em>, traditionelles s\u00fcdafrikanisches Dessert europ\u00e4ischen Ursprungs, kein Pudding, sondern eher ein Kuchen<br><strong>manor<\/strong> = <em>engl.<\/em>, Herrenhaus, Landgut<br><strong>morning (game) drive<\/strong> = <em>englisch<\/em>, (fr\u00fch-)morgentliche Wildbeobachtungsfahrt<br><strong>nigth (game) drive<\/strong> = <em>englisch<\/em>, abendliche\/n\u00e4chtliche Wildbeobachtungsfahrt <br><strong>NP <\/strong>= <em>Abk<\/em>. f\u00fcr National Park<br><strong>NWR<\/strong>= <em>Abk. <\/em>f\u00fcr Nambian Wildlife Resorts. Buchungsb\u00fcro f\u00fcr alle NWR-Unterk\u00fcnfte in staatlichen Nationalparks und staatlichen Reservaten in Namibia. <a href=\"http:\/\/www.nwr.com.na\" target=\"_blank\" rel=\"noreferrer noopener\">www.nwr.com.na<\/a><br><strong>pack<\/strong> = <em>englisch<\/em>, Ein Rudel &#8211; Wildhunde zum Beispiel<br><strong>pad<\/strong> = <em>afrikaans<\/em>, Piste, Weg<br><strong>padkos <\/strong>= <em>afrikaans<\/em>, Wegzehrung, eigentlich leichte Speisen f\u00fcr unterwegs<br><strong>padstall<\/strong> = <em>afrikaans<\/em>, Tante Emma Laden am Stra\u00dfenrand, oft auch mit einem Caf\u00e9. Praktisch immer gibt es kalte Getr\u00e4nke und Snacks, oft Farmerzeugnisse aus der Umgebung. Direkt auf einer Farm bzw. auf Farmgel\u00e4nde = <strong>farmstall<\/strong><br><strong>pan<\/strong> = <em>englisch<\/em>, Pfanne, Senke, in der W\u00fcste meist mit salzigem, lehmigen Untergrund<br><strong>permit<\/strong> = <em>englisch<\/em>, auch entry permit = Eintrittsbewilligung und\/oder Eintrittsgeb\u00fchren<br><strong>Pinotage<\/strong> = <em>franz\u00f6sisch<\/em>, haupts\u00e4chlich in S\u00fcdafrika angebaute rote Rebsorte. Unser Lieblings-Rotwein <br><strong>private ablution = <\/strong> <em>engl.<\/em>, eigene Nasszelle\/Dusche+WZ pro Stellplatz beim Camping<br><strong>recovery-equipment<\/strong> = <em>englisch, <\/em>Bergehilfe, Werkzeuge zum &#8222;befreien und bergen&#8220; des Fahrzeuges, z.B. Abschleppseil, Sandbleche<br><strong>rest camp <\/strong>= <em>englisch<\/em>, Rastlager, in den s\u00fcdafrikanischen Nationalparks Anlagen mit Zeltplatz, Selbstversorger Unterk\u00fcnften, oft mit Schwimmbad, Laden und Tankstelle<br><strong>retreat<\/strong> = <em>engl.<\/em>, R\u00fcckzugsort (aus dem Alltag)<br><strong>road kill <\/strong>= <em>engl<\/em>., totgefahrene Tiere<br><strong>Rock Shandy <\/strong>= <em>engl<\/em>., das Namibische Nationalgetr\u00e4nk, fast ohne Alkohol, wird gerne als <strong>sundowner <\/strong>getrungen<br><strong>rondavel<\/strong> = <em>afrikaans<\/em>, Rundhaus. Typische Bauform im s\u00fcdlichen Afrika. Meist mit Reet gedeckt<br><strong>rooibos<\/strong> = <em>afrikaans<\/em>, Rotbusch, s\u00fcdafrikanische Pflanzenart aus der man ein beliebtes Aufgussgetr\u00e4nk \u00a0(Tee) herstellt<br><strong>SANParks<\/strong> = <em>Abk. <\/em>f\u00fcr South African Nationalparks, Nationalparkbeh\u00f6rde <a href=\"https:\/\/www.sanparks.org\" target=\"_blank\" rel=\"noreferrer noopener\">www.sanparks.org<\/a><br><strong>safari<\/strong> = <em>swahili<\/em>, (urspr\u00fcnglich vom <em>arabischen <\/em>safar = reisen), fr\u00fcher Jagdreise (Jagdsafari), heute Reise in wildreiche Schutzgebiete (Fotosafari)<br><strong>Savanna dry <\/strong>= <em>engl.,<\/em> fruchtiger Premium <em>Cider<\/em> aus S\u00fcdafrikas Kap-Region<br><strong>scenic drive<\/strong> = <em>engl<\/em>., landschaftlich reizvolle Fahrt<br><strong>self-catering<\/strong> = <em>englisch<\/em>, Selbstversorger Unterkunft mit Kochgelegenheit, K\u00fchlschrank und Utensilien<br><strong>Spektiv<\/strong> = <em>dt.,<\/em> Beobachtungsfernrohr<br><strong>staff only!<\/strong>= <em>englisch<\/em>, nur f\u00fcr Mitarbeiter!<br><strong>sundowner<\/strong> = <em>englisch<\/em>, das Getr\u00e4nk zum sunset (Sonnenuntergang)<br><strong>sundowner hill<\/strong> = <em>englisch<\/em>, der H\u00fcgel bzw. Aussichtspunkt, an dem der sundowner zu sich genommen und der Sonnenuntergang gefeiert wird<br><strong>tented camp <\/strong>= <em>englisch<\/em>, Unterkunft mit einzelnen station\u00e4ren oder (saisonal station\u00e4ren) Zelten, oft auf Holzplattform und inklusive Nasszelle.<br><strong>tour operator<\/strong> = <em>englisch<\/em>, Reiseveranstalter<br><strong>T4A<\/strong> = <em>Abk<\/em>. f\u00fcr &#8222;Tracks for Africa&#8220;, Landkarten und GPS-Karten <a href=\"http:\/\/www.tracks4africa.ch\" target=\"_blank\" rel=\"noreferrer noopener\">www.tracks4africa.ch<\/a> <br><strong>tar (road) <\/strong>= <em>englisch<\/em>, Teer, asphaltierte Stra\u00dfe. <br><strong>TIA<\/strong> = <em>Abk. engl.<\/em> f\u00fcr &#8222;This is africa&#8220;, der Spruch, wenn&#8217;s mal wieder nicht rund l\u00e4uft<br><strong>view point<\/strong>= <em>englisch<\/em>, Aussichtspunkt<br><strong>vet(erinary) fence<\/strong> = <em>englisch<\/em>, Veterin\u00e4rzaun zur Vermeidung von Tierseuchen. Der Transport von Fleisch und anderen tierischen Produkten \u00fcber diese Z\u00e4une in die krankheitsfreien Gebiete ist verboten.<br><strong>WDH <\/strong>= <em>Abk. <\/em>f\u00fcr den Hosea Kutako International Airport, Windhoek<br><strong>Whale Watching<\/strong> = <em>engl<\/em>., Walbeobachtung<br><strong>Wild Card <\/strong>= <em>engl.<\/em> Mit dem Kauf der Wild Card haben Besitzer ab Kaufdatum f\u00fcr 365 Tage unbeschr\u00e4nkten Zutritt zu mehr als 80 Nationalparks und Schutzgebieten in S\u00fcdafrika<br><strong>ZA<\/strong> = <em>Abk. <\/em>f\u00fcr <em>afrikaans<\/em> Zuid-Afrika. L\u00e4ndercode und Kfz-Kennzeichen f\u00fcr S\u00fcdafrika<\/p>\n\n\n\n<p><\/p>\n\n\n\n<p><a href=\"javascript:history.back()\">Zur\u00fcck<\/a><\/p>\n","protected":false},"excerpt":{"rendered":"<p>Wir k\u00f6nnen nicht voraussetzen, dass sich alle Leser unseres Blogs mit den speziellen Ausdr\u00fccken auskennen, die man ben\u00f6tigt, wenn man \u00fcber das Reisen im s\u00fcdlichen Afrika berichtet. Daher findet ihr hier ein Glossar mit den wichtigsten verwendeten Begriffen und Abk\u00fcrzungen. In den Textbeitr\u00e4gen verlinken wir auf diese Seite. Zur\u00fcck ablution block = englisch, Nasszelle, kann &hellip; <\/p>\n<p class=\"link-more\"><a href=\"https:\/\/goetzens-auf-reisen.com\/?page_id=4962\" class=\"more-link\"><span class=\"screen-reader-text\">\u201eGlossar f\u00fcr das s\u00fcdliche Afrika\u201c<\/span> weiterlesen<\/a><\/p>\n","protected":false},"author":1,"featured_media":0,"parent":0,"menu_order":0,"comment_status":"closed","ping_status":"closed","template":"","meta":{"footnotes":""},"class_list":["post-4962","page","type-page","status-publish","hentry"],"_links":{"self":[{"href":"https:\/\/goetzens-auf-reisen.com\/index.php?rest_route=\/wp\/v2\/pages\/4962","targetHints":{"allow":["GET"]}}],"collection":[{"href":"https:\/\/goetzens-auf-reisen.com\/index.php?rest_route=\/wp\/v2\/pages"}],"about":[{"href":"https:\/\/goetzens-auf-reisen.com\/index.php?rest_route=\/wp\/v2\/types\/page"}],"author":[{"embeddable":true,"href":"https:\/\/goetzens-auf-reisen.com\/index.php?rest_route=\/wp\/v2\/users\/1"}],"replies":[{"embeddable":true,"href":"https:\/\/goetzens-auf-reisen.com\/index.php?rest_route=%2Fwp%2Fv2%2Fcomments&post=4962"}],"version-history":[{"count":51,"href":"https:\/\/goetzens-auf-reisen.com\/index.php?rest_route=\/wp\/v2\/pages\/4962\/revisions"}],"predecessor-version":[{"id":13838,"href":"https:\/\/goetzens-auf-reisen.com\/index.php?rest_route=\/wp\/v2\/pages\/4962\/revisions\/13838"}],"wp:attachment":[{"href":"https:\/\/goetzens-auf-reisen.com\/index.php?rest_route=%2Fwp%2Fv2%2Fmedia&parent=4962"}],"curies":[{"name":"wp","href":"https:\/\/api.w.org\/{rel}","templated":true}]}}