{"id":506,"date":"2019-10-09T15:00:11","date_gmt":"2019-10-09T13:00:11","guid":{"rendered":"http:\/\/goetzens-auf-reisen.com\/?page_id=506"},"modified":"2026-03-26T22:01:32","modified_gmt":"2026-03-26T21:01:32","slug":"andere-ziele","status":"publish","type":"page","link":"https:\/\/goetzens-auf-reisen.com\/?page_id=506","title":{"rendered":"weitere Ziele"},"content":{"rendered":"\n<figure class=\"wp-block-gallery has-nested-images columns-5 is-cropped wp-block-gallery-2 is-layout-flex wp-block-gallery-is-layout-flex\">\n<figure class=\"wp-block-image size-large is-style-default\"><a href=\"https:\/\/goetzens-auf-reisen.com\/wp-content\/uploads\/2021\/04\/IMG_0918.jpg\"><img loading=\"lazy\" decoding=\"async\" width=\"1024\" height=\"682\" data-id=\"4531\" src=\"http:\/\/goetzens-auf-reisen.com\/wp-content\/uploads\/2021\/04\/IMG_0918-1024x682.jpg\" alt=\"\" class=\"wp-image-4531\" srcset=\"https:\/\/goetzens-auf-reisen.com\/wp-content\/uploads\/2021\/04\/IMG_0918-1024x682.jpg 1024w, https:\/\/goetzens-auf-reisen.com\/wp-content\/uploads\/2021\/04\/IMG_0918-300x200.jpg 300w, https:\/\/goetzens-auf-reisen.com\/wp-content\/uploads\/2021\/04\/IMG_0918-768x512.jpg 768w, https:\/\/goetzens-auf-reisen.com\/wp-content\/uploads\/2021\/04\/IMG_0918-1536x1024.jpg 1536w, https:\/\/goetzens-auf-reisen.com\/wp-content\/uploads\/2021\/04\/IMG_0918-2048x1365.jpg 2048w\" sizes=\"auto, (max-width: 767px) 89vw, (max-width: 1000px) 54vw, (max-width: 1071px) 543px, 580px\" \/><\/a><\/figure>\n\n\n\n<figure class=\"wp-block-image size-large is-style-default\"><a href=\"https:\/\/goetzens-auf-reisen.com\/wp-content\/uploads\/2021\/04\/IMG_3024-scaled.jpg\"><img loading=\"lazy\" decoding=\"async\" width=\"1024\" height=\"683\" data-id=\"4471\" src=\"http:\/\/goetzens-auf-reisen.com\/wp-content\/uploads\/2021\/04\/IMG_3024-1024x683.jpg\" alt=\"\" class=\"wp-image-4471\" srcset=\"https:\/\/goetzens-auf-reisen.com\/wp-content\/uploads\/2021\/04\/IMG_3024-1024x683.jpg 1024w, https:\/\/goetzens-auf-reisen.com\/wp-content\/uploads\/2021\/04\/IMG_3024-300x200.jpg 300w, https:\/\/goetzens-auf-reisen.com\/wp-content\/uploads\/2021\/04\/IMG_3024-768x512.jpg 768w, https:\/\/goetzens-auf-reisen.com\/wp-content\/uploads\/2021\/04\/IMG_3024-1536x1024.jpg 1536w, https:\/\/goetzens-auf-reisen.com\/wp-content\/uploads\/2021\/04\/IMG_3024-2048x1365.jpg 2048w\" sizes=\"auto, (max-width: 767px) 89vw, (max-width: 1000px) 54vw, (max-width: 1071px) 543px, 580px\" \/><\/a><\/figure>\n\n\n\n<figure class=\"wp-block-image size-large is-style-default\"><a href=\"https:\/\/goetzens-auf-reisen.com\/wp-content\/uploads\/2020\/08\/IMG_3454.jpg\"><img loading=\"lazy\" decoding=\"async\" width=\"1024\" height=\"682\" data-id=\"2711\" src=\"http:\/\/goetzens-auf-reisen.com\/wp-content\/uploads\/2020\/08\/IMG_3454-1024x682.jpg\" alt=\"\" class=\"wp-image-2711\" srcset=\"https:\/\/goetzens-auf-reisen.com\/wp-content\/uploads\/2020\/08\/IMG_3454-1024x682.jpg 1024w, https:\/\/goetzens-auf-reisen.com\/wp-content\/uploads\/2020\/08\/IMG_3454-300x200.jpg 300w, https:\/\/goetzens-auf-reisen.com\/wp-content\/uploads\/2020\/08\/IMG_3454-768x512.jpg 768w, https:\/\/goetzens-auf-reisen.com\/wp-content\/uploads\/2020\/08\/IMG_3454-1536x1024.jpg 1536w, https:\/\/goetzens-auf-reisen.com\/wp-content\/uploads\/2020\/08\/IMG_3454-2048x1365.jpg 2048w\" sizes=\"auto, (max-width: 767px) 89vw, (max-width: 1000px) 54vw, (max-width: 1071px) 543px, 580px\" \/><\/a><\/figure>\n\n\n\n<figure class=\"wp-block-image size-large is-style-default\"><a href=\"https:\/\/goetzens-auf-reisen.com\/wp-content\/uploads\/2020\/08\/IMG_3097.jpg\"><img loading=\"lazy\" decoding=\"async\" width=\"1024\" height=\"682\" data-id=\"2699\" src=\"http:\/\/goetzens-auf-reisen.com\/wp-content\/uploads\/2020\/08\/IMG_3097-1024x682.jpg\" alt=\"\" class=\"wp-image-2699\" srcset=\"https:\/\/goetzens-auf-reisen.com\/wp-content\/uploads\/2020\/08\/IMG_3097-1024x682.jpg 1024w, https:\/\/goetzens-auf-reisen.com\/wp-content\/uploads\/2020\/08\/IMG_3097-300x200.jpg 300w, https:\/\/goetzens-auf-reisen.com\/wp-content\/uploads\/2020\/08\/IMG_3097-768x512.jpg 768w, https:\/\/goetzens-auf-reisen.com\/wp-content\/uploads\/2020\/08\/IMG_3097-1536x1024.jpg 1536w, https:\/\/goetzens-auf-reisen.com\/wp-content\/uploads\/2020\/08\/IMG_3097-2048x1365.jpg 2048w\" sizes=\"auto, (max-width: 767px) 89vw, (max-width: 1000px) 54vw, (max-width: 1071px) 543px, 580px\" \/><\/a><\/figure>\n\n\n\n<figure class=\"wp-block-image size-large is-style-default\"><a href=\"https:\/\/goetzens-auf-reisen.com\/wp-content\/uploads\/2019\/10\/SeiserAlm1.jpg\"><img loading=\"lazy\" decoding=\"async\" width=\"1024\" height=\"683\" data-id=\"552\" src=\"http:\/\/goetzens-auf-reisen.com\/wp-content\/uploads\/2019\/10\/SeiserAlm1-1024x683.jpg\" alt=\"\" class=\"wp-image-552\" srcset=\"https:\/\/goetzens-auf-reisen.com\/wp-content\/uploads\/2019\/10\/SeiserAlm1-1024x683.jpg 1024w, https:\/\/goetzens-auf-reisen.com\/wp-content\/uploads\/2019\/10\/SeiserAlm1-300x200.jpg 300w, https:\/\/goetzens-auf-reisen.com\/wp-content\/uploads\/2019\/10\/SeiserAlm1-768x512.jpg 768w\" sizes=\"auto, (max-width: 767px) 89vw, (max-width: 1000px) 54vw, (max-width: 1071px) 543px, 580px\" \/><\/a><\/figure>\n<\/figure>\n\n\n\n<p class=\"has-drop-cap\">Nicht \u00fcber jede Reise berichten wir in unserem Blog. Manchmal machen wir eben auch blog-freien Urlaub. Das hei\u00dft nat\u00fcrlich nicht, dass diese Reiseziele weniger interessant w\u00e4ren oder dass es von dort nichts zu berichten g\u00e4be. Auf den verlinkten Seiten seht ihr deshalb zumindest eine kleine Bilder-Auswahl aus diesen Urlauben &#8230;<\/p>\n\n\n\n<figure class=\"wp-block-gallery has-nested-images columns-default is-cropped wp-block-gallery-3 is-layout-flex wp-block-gallery-is-layout-flex\">\n<figure class=\"wp-block-image size-large is-style-default\"><a href=\"https:\/\/goetzens-auf-reisen.com\/wp-content\/uploads\/2019\/09\/IMG_0703.jpg\"><img loading=\"lazy\" decoding=\"async\" width=\"1000\" height=\"667\" data-id=\"481\" src=\"http:\/\/goetzens-auf-reisen.com\/wp-content\/uploads\/2019\/09\/IMG_0703.jpg\" alt=\"\" class=\"wp-image-481\" srcset=\"https:\/\/goetzens-auf-reisen.com\/wp-content\/uploads\/2019\/09\/IMG_0703.jpg 1000w, https:\/\/goetzens-auf-reisen.com\/wp-content\/uploads\/2019\/09\/IMG_0703-300x200.jpg 300w, https:\/\/goetzens-auf-reisen.com\/wp-content\/uploads\/2019\/09\/IMG_0703-768x512.jpg 768w\" sizes=\"auto, (max-width: 767px) 89vw, (max-width: 1000px) 54vw, (max-width: 1071px) 543px, 580px\" \/><\/a><figcaption class=\"wp-element-caption\">Stromboli<\/figcaption><\/figure>\n\n\n\n<figure class=\"wp-block-image size-large is-style-default\"><a href=\"https:\/\/goetzens-auf-reisen.com\/wp-content\/uploads\/2019\/08\/IMG_0390.jpg\"><img loading=\"lazy\" decoding=\"async\" width=\"1024\" height=\"683\" data-id=\"96\" src=\"http:\/\/goetzens-auf-reisen.com\/wp-content\/uploads\/2019\/08\/IMG_0390-1024x683.jpg\" alt=\"\" class=\"wp-image-96\" srcset=\"https:\/\/goetzens-auf-reisen.com\/wp-content\/uploads\/2019\/08\/IMG_0390-1024x683.jpg 1024w, https:\/\/goetzens-auf-reisen.com\/wp-content\/uploads\/2019\/08\/IMG_0390-300x200.jpg 300w, https:\/\/goetzens-auf-reisen.com\/wp-content\/uploads\/2019\/08\/IMG_0390-768x512.jpg 768w, https:\/\/goetzens-auf-reisen.com\/wp-content\/uploads\/2019\/08\/IMG_0390.jpg 1200w\" sizes=\"auto, (max-width: 767px) 89vw, (max-width: 1000px) 54vw, (max-width: 1071px) 543px, 580px\" \/><\/a><figcaption class=\"wp-element-caption\">Island<\/figcaption><\/figure>\n\n\n\n<figure class=\"wp-block-image size-large is-style-default\"><a href=\"https:\/\/goetzens-auf-reisen.com\/wp-content\/uploads\/2021\/04\/IMG_0979-scaled.jpg\"><img loading=\"lazy\" decoding=\"async\" width=\"1024\" height=\"683\" data-id=\"4558\" src=\"https:\/\/goetzens-auf-reisen.com\/wp-content\/uploads\/2021\/04\/IMG_0979-1024x683.jpg\" alt=\"\" class=\"wp-image-4558\" srcset=\"https:\/\/goetzens-auf-reisen.com\/wp-content\/uploads\/2021\/04\/IMG_0979-1024x683.jpg 1024w, https:\/\/goetzens-auf-reisen.com\/wp-content\/uploads\/2021\/04\/IMG_0979-300x200.jpg 300w, https:\/\/goetzens-auf-reisen.com\/wp-content\/uploads\/2021\/04\/IMG_0979-768x512.jpg 768w, https:\/\/goetzens-auf-reisen.com\/wp-content\/uploads\/2021\/04\/IMG_0979-1536x1024.jpg 1536w, https:\/\/goetzens-auf-reisen.com\/wp-content\/uploads\/2021\/04\/IMG_0979-2048x1365.jpg 2048w\" sizes=\"auto, (max-width: 767px) 89vw, (max-width: 1000px) 54vw, (max-width: 1071px) 543px, 580px\" \/><\/a><figcaption class=\"wp-element-caption\">Apulien<\/figcaption><\/figure>\n<\/figure>\n\n\n\n<ul class=\"wp-block-list\">\n<li>Februar\/M\u00e4rz 2026 Belize <a href=\"https:\/\/goetzens-auf-reisen.com\/?page_id=14850\" data-type=\"page\" data-id=\"14850\">(siehe Blog)<\/a><\/li>\n\n\n\n<li>M\u00e4rz\/April 2025 Namibia <em><a href=\"https:\/\/goetzens-auf-reisen.com\/?page_id=13623\" data-type=\"page\" data-id=\"13623\">(siehe Blog)<\/a><\/em><\/li>\n\n\n\n<li>Februar\/M\u00e4rz 2024 <a href=\"https:\/\/goetzens-auf-reisen.com\/?page_id=10922\">Costa Rica <em>(siehe Blog)<\/em><\/a><\/li>\n\n\n\n<li>September 2023 &#8211; Hochschwarzwald<\/li>\n\n\n\n<li>Mai\/Juni 2023 &#8211; <a href=\"https:\/\/goetzens-auf-reisen.com\/?page_id=8643\" data-type=\"page\" data-id=\"8643\">S\u00fcdafrika und Namibia <em>(siehe Blog)<\/em><\/a><\/li>\n\n\n\n<li>Dezember 2022 &#8211; <a href=\"https:\/\/goetzens-auf-reisen.com\/?page_id=10714\" data-type=\"page\" data-id=\"10714\">Marokko<\/a><\/li>\n\n\n\n<li>August 2022 &#8211; <a href=\"https:\/\/goetzens-auf-reisen.com\/?page_id=7024\" data-type=\"page\" data-id=\"7024\">S\u00fcdafrika <em>(siehe Blog)<\/em><\/a><\/li>\n\n\n\n<li>Oktober\/November 2021 &#8211; <a href=\"https:\/\/goetzens-auf-reisen.com\/?page_id=4940\" data-type=\"page\" data-id=\"4940\">Namibia <em>(siehe Blog<\/em>)<\/a><\/li>\n\n\n\n<li>Mai 2021 &#8211; Mallorca<\/li>\n\n\n\n<li>November\/Dezember 2020 &#8211; <a href=\"https:\/\/goetzens-auf-reisen.com\/?page_id=3111\" data-type=\"page\" data-id=\"3111\">Namibia <em>(siehe Blog)<\/em><\/a><\/li>\n\n\n\n<li>Oktober 2020 &#8211; <a href=\"https:\/\/goetzens-auf-reisen.com\/?p=3016\" data-type=\"post\" data-id=\"3016\">S\u00e4chsische Schweiz<\/a><\/li>\n\n\n\n<li>Juni 2020 &#8211; <a href=\"https:\/\/goetzens-auf-reisen.com\/?p=2610\" data-type=\"post\" data-id=\"2610\">Ostsee<\/a><\/li>\n\n\n\n<li>September 2019 &#8211; <a href=\"https:\/\/goetzens-auf-reisen.com\/?page_id=424\" data-type=\"page\" data-id=\"424\">Liparische Inseln<\/a><\/li>\n\n\n\n<li><em>M\u00e4rz 2019 &#8211; <a href=\"https:\/\/goetzens-auf-reisen.com\/?page_id=2632\" data-type=\"page\" data-id=\"2632\">S\u00fcdafrika (siehe Blog)<\/a><\/em><\/li>\n\n\n\n<li>Oktober 2018 &#8211; <a href=\"https:\/\/goetzens-auf-reisen.com\/?page_id=536\" data-type=\"page\" data-id=\"536\">S\u00fcdtirol<\/a><\/li>\n\n\n\n<li>September 2018 &#8211; <a href=\"https:\/\/goetzens-auf-reisen.com\/?page_id=5149\" data-type=\"page\" data-id=\"5149\">Apulien<\/a><\/li>\n\n\n\n<li>Februar 2018 &#8211; Berlin<\/li>\n\n\n\n<li>Oktober 2017 &#8211; Canal du Midi (S\u00fcdfrankreich)<\/li>\n\n\n\n<li><em>Februar 2017 &#8211; <a href=\"https:\/\/goetzens-auf-reisen.com\/?page_id=2111\" data-type=\"page\" data-id=\"2111\">Neuseeland (siehe Blog)<\/a><\/em><\/li>\n\n\n\n<li>Weihnachten 2016 &#8211; Vogesen<\/li>\n\n\n\n<li>August 2016 &#8211; <a href=\"https:\/\/goetzens-auf-reisen.com\/?page_id=37\" data-type=\"page\" data-id=\"37\">Portugal <\/a><\/li>\n\n\n\n<li>September 2015 &#8211; Mallorca <\/li>\n\n\n\n<li><em>M\u00e4rz 2015 <a href=\"https:\/\/goetzens-auf-reisen.com\/?page_id=14\" data-type=\"page\" data-id=\"14\">S\u00fcdafrika (siehe Blog)<\/a><\/em><\/li>\n\n\n\n<li>Juni 2014 &#8211; Loire<\/li>\n\n\n\n<li>Oktober 2014 &#8211; Franz\u00f6sischer Jura<\/li>\n\n\n\n<li>Mai 2013 &#8211; Korsika<\/li>\n\n\n\n<li>Weihnachten 2012 &#8211; Burgund<\/li>\n\n\n\n<li><em>Februar 2012 &#8211; <a href=\"https:\/\/goetzens-auf-reisen.com\/?page_id=2108\" data-type=\"page\" data-id=\"2108\">Neuseeland (siehe Blog)<\/a><\/em><\/li>\n\n\n\n<li>August 2011 &#8211; <a href=\"https:\/\/goetzens-auf-reisen.com\/?page_id=41\" data-type=\"page\" data-id=\"41\">Island<\/a><\/li>\n\n\n\n<li>August 2010 &#8211; Franz\u00f6sisches Baskenland<\/li>\n\n\n\n<li>M\u00e4rz 2010 &#8211; Barcelona<\/li>\n\n\n\n<li>Oktober 2009 &#8211; Dreil\u00e4ndereck D-A-CH<\/li>\n\n\n\n<li>Mai\/Juni 2009 &#8211; Griechenland<\/li>\n\n\n\n<li>Oktober 2008 &#8211; Mallorca <\/li>\n\n\n\n<li>Mai 2008 &#8211; Koriska<\/li>\n\n\n\n<li>Weihnachten 2007 &#8211; Roussillon-en-Morvan<\/li>\n\n\n\n<li>September 2007 &#8211; Medoc<\/li>\n\n\n\n<li>Juni 2007 &#8211; Korsika<\/li>\n\n\n\n<li>Weihnachten 2006 &#8211; St. Aubin (Moulin Chipot)<\/li>\n\n\n\n<li>August\/September 2006 &#8211; Toscana<\/li>\n\n\n\n<li>Juni 2006 &#8211; Schweden<\/li>\n\n\n\n<li>Oktober 2005 &#8211; Venedig<\/li>\n\n\n\n<li>August 2005 &#8211; Roussilon<\/li>\n\n\n\n<li>Mai 2005 &#8211; Paris<\/li>\n\n\n\n<li>Weihnachten 2004 &#8211; St. Aubin (Moulin Chipot)<\/li>\n\n\n\n<li>September 2004 &#8211; Ile d&#8217;Oleron<\/li>\n\n\n\n<li>M\u00e4rz 2004 &#8211; Rom<\/li>\n\n\n\n<li>Weihnachten 2003 &#8211; Venay <\/li>\n\n\n\n<li>August\/September 2003 &#8211; Provence<\/li>\n\n\n\n<li>August\/September 2002 &#8211; Auvergne und Aquitaine <\/li>\n\n\n\n<li>Sommer 2001 &#8211; Cevennen<\/li>\n<\/ul>\n\n\n\n<figure class=\"wp-block-gallery has-nested-images columns-default is-cropped wp-block-gallery-4 is-layout-flex wp-block-gallery-is-layout-flex\">\n<figure class=\"wp-block-image size-large is-style-default\"><a href=\"https:\/\/goetzens-auf-reisen.com\/wp-content\/uploads\/2026\/03\/worldmap2026.jpg\"><img loading=\"lazy\" decoding=\"async\" width=\"1024\" height=\"542\" data-id=\"14871\" src=\"http:\/\/goetzens-auf-reisen.com\/wp-content\/uploads\/2026\/03\/worldmap2026-1024x542.jpg\" alt=\"\" class=\"wp-image-14871\" srcset=\"https:\/\/goetzens-auf-reisen.com\/wp-content\/uploads\/2026\/03\/worldmap2026-1024x542.jpg 1024w, https:\/\/goetzens-auf-reisen.com\/wp-content\/uploads\/2026\/03\/worldmap2026-300x159.jpg 300w, https:\/\/goetzens-auf-reisen.com\/wp-content\/uploads\/2026\/03\/worldmap2026-768x407.jpg 768w, https:\/\/goetzens-auf-reisen.com\/wp-content\/uploads\/2026\/03\/worldmap2026-1536x813.jpg 1536w, https:\/\/goetzens-auf-reisen.com\/wp-content\/uploads\/2026\/03\/worldmap2026.jpg 1826w\" sizes=\"auto, (max-width: 767px) 89vw, (max-width: 1000px) 54vw, (max-width: 1071px) 543px, 580px\" \/><\/a><figcaption class=\"wp-element-caption\">rot = Land bereist \/ gelb = Fu\u00df ins Land gesetzt <\/figcaption><\/figure>\n<\/figure>\n\n\n\n<p><\/p>\n","protected":false},"excerpt":{"rendered":"<p>Nicht \u00fcber jede Reise berichten wir in unserem Blog. Manchmal machen wir eben auch blog-freien Urlaub. Das hei\u00dft nat\u00fcrlich nicht, dass diese Reiseziele weniger interessant w\u00e4ren oder dass es von dort nichts zu berichten g\u00e4be. Auf den verlinkten Seiten seht ihr deshalb zumindest eine kleine Bilder-Auswahl aus diesen Urlauben &#8230;<\/p>\n","protected":false},"author":1,"featured_media":0,"parent":0,"menu_order":0,"comment_status":"closed","ping_status":"closed","template":"","meta":{"footnotes":""},"class_list":["post-506","page","type-page","status-publish","hentry"],"_links":{"self":[{"href":"https:\/\/goetzens-auf-reisen.com\/index.php?rest_route=\/wp\/v2\/pages\/506","targetHints":{"allow":["GET"]}}],"collection":[{"href":"https:\/\/goetzens-auf-reisen.com\/index.php?rest_route=\/wp\/v2\/pages"}],"about":[{"href":"https:\/\/goetzens-auf-reisen.com\/index.php?rest_route=\/wp\/v2\/types\/page"}],"author":[{"embeddable":true,"href":"https:\/\/goetzens-auf-reisen.com\/index.php?rest_route=\/wp\/v2\/users\/1"}],"replies":[{"embeddable":true,"href":"https:\/\/goetzens-auf-reisen.com\/index.php?rest_route=%2Fwp%2Fv2%2Fcomments&post=506"}],"version-history":[{"count":22,"href":"https:\/\/goetzens-auf-reisen.com\/index.php?rest_route=\/wp\/v2\/pages\/506\/revisions"}],"predecessor-version":[{"id":14872,"href":"https:\/\/goetzens-auf-reisen.com\/index.php?rest_route=\/wp\/v2\/pages\/506\/revisions\/14872"}],"wp:attachment":[{"href":"https:\/\/goetzens-auf-reisen.com\/index.php?rest_route=%2Fwp%2Fv2%2Fmedia&parent=506"}],"curies":[{"name":"wp","href":"https:\/\/api.w.org\/{rel}","templated":true}]}}